 + 56 = 7*m. Let t be 2 + -4 - (-41)/(-1). Let b = t + 71. Calculate the highest common divisor of b and m.
14
Suppose -2*l = -3 - 1. What is the highest common divisor of 4 and l?
2
Let k be -6*1*(-1)/2. What is the highest common factor of k and 6?
3
Let c(i) = -i**3 - 6*i**2 + 4*i - 7. Let b be c(-7). Calculate the highest common factor of 14 and b.
14
Let o be 45/(-6)*16/(-3). Let j be (65/(-5) - -1)*(-12)/9. What is the greatest common factor of o and j?
8
Let x be 11*1 - (1 + 2). Let z = x + 0. What is the highest common divisor of 16 and z?
8
Let m be (12 - -6)*(3 - 2). What is the highest common divisor of m and 2?
2
Suppose -7*y + 5*y + 2 = 0. Let i = 2 - y. Let l be 3*19 + i/(-1). What is the highest common divisor of l and 8?
8
Let t be (-8)/(-20) + (-43)/(-5). Suppose -24 = -t*a + 5*a. What is the greatest common factor of 6 and a?
6
Let t = -44 + 59. What is the highest common factor of t and 45?
15
Suppose 0 = 3*j + 3*g + 18, -j = -3*j + g - 12. Let x be 14/21 - 458/j. What is the highest common factor of 11 and x?
11
Let c(h) = 3*h + 2. Let n be c(3). Suppose -2*i = -f - 115, 4*f - 90 = -5*i + 3*i. What is the greatest common divisor of n and i?
11
Suppose 0 = -4*o + 480 + 136. Suppose 2*u - 56 = -2*u. What is the highest common factor of u and o?
14
Let h(c) = 2*c + 71. Let w be h(-13). What is the greatest common divisor of 5 and w?
5
Let x(g) = -g**3 - 12*g**2 - 4*g - 13. Let n be x(-12). Let y(k) = k**3 - 4*k**2 + 5*k - 6. Let v be y(4). What is the greatest common factor of n and v?
7
Suppose 5*d = -2*z + 115 - 35, z + d - 37 = 0. Suppose -6*j + 63 = 3*j. What is the highest common divisor of j and z?
7
Let z(p) = 29*p + 3. Suppose 5*j + 24 = 2*y - 0*y, -j = 0. Suppose -y = d - 5*d. Let k be z(d). Calculate the greatest common factor of 10 and k.
10
Let c = -6 + 14. Let p(n) = -n + 1. Let q be p(-2). Let v = q - 2. Calculate the greatest common factor of c and v.
1
Let n(m) = -m**2 + 45. Let r be n(0). What is the highest common divisor of 18 and r?
9
Let g be -153*((-2)/(-3) + -1). Calculate the highest common factor of 34 and g.
17
Suppose 4*y - 24 = 4*o, y - 6 = -2*y - 3*o. What is the greatest common divisor of 44 and y?
4
Let m be 0/(-3)*(-1)/2. Suppose m = -y - y + 16. Let h(c) = -c + 6. Let k be h(5). What is the greatest common divisor of k and y?
1
Let g be (12/(-10))/((-9)/30). Suppose g*r + 0*r = 56. What is the highest common divisor of r and 42?
14
Let b be 4/(-5*2/(-15)). What is the greatest common divisor of b and 9?
3
Suppose 0 = 2*i, l - 4*i + 56 = 2*l. What is the greatest common factor of l and 14?
14
Let b be 70/5*42/12. Calculate the highest common divisor of 98 and b.
49
Let p be 1 - ((-80)/(-4))/(-4). Calculate the greatest common divisor of p and 2.
2
Suppose 4*v - 9 - 15 = 0. Let u be (-2)/(-4)*167*2. Suppose 3*t - 2*a - 120 = 0, 4*t - u = a - 2. What is the highest common factor of t and v?
6
Suppose 0 = -2*j + 6, -4*a + 2*j - 3*j = -619. What is the greatest common factor of 14 and a?
14
Let m = 6 - 5. Let x(n) = n**3 - 3*n**2 + 3*n - 4. Let h be x(3). Calculate the greatest common factor of m and h.
1
Suppose u - 157 = 5*y, 405 = 5*u + 5*y - 410. Calculate the highest common factor of 18 and u.
18
Let q(f) = -f**3 + 5*f**2 + f + 2. Let l be q(5). What is the highest common divisor of 7 and l?
7
Let w(o) = o**2 - 4*o + 3. Let x be w(6). Let s(z) = 8*z - 3. Let a be s(x). What is the greatest common factor of a and 13?
13
Let j be 3 + (37*-6)/(-1). Let z be j/6*4/6. Calculate the greatest common divisor of z and 25.
25
Let z(r) = 21*r + 8. Let p be z(8). Let n = p - 108. Calculate the highest common divisor of 17 and n.
17
Suppose -23*q + 28*q = 40. What is the greatest common factor of 72 and q?
8
Let t = 58 - 25. What is the highest common factor of t and 231?
33
Let i = 6 + 24. Calculate the greatest common factor of 330 and i.
30
Let j be 1 - ((-44)/(-2) + 2). Let p(n) = -n**2 + 2*n + 2. Let c be p(5). Let v = c - j. Calculate the greatest common factor of v and 70.
10
Let l(q) = 6*q. Let n be l(1). Calculate the greatest common factor of n and 54.
6
Let u(g) = -3*g - 2. Let s be u(-5). Let j be (-1 - -4) + 264/3. What is the highest common divisor of j and s?
13
Let f be 7 + -9 + 3*4. Calculate the greatest common factor of f and 2.
2
Let o(v) = 4*v + v - 5*v - 4 + 5*v. Let q be o(4). Calculate the greatest common factor of 128 and q.
16
Let f(a) be the third derivative of 11*a**6/60 + a**5/30 - a**4/24 - 4*a**2. Let q be f(1). Let x = q - 14. Calculate the highest common divisor of 63 and x.
9
Suppose 3*s - 15 = 0, -3*s = 2*h + 3*h - 40. Let o be ((-2)/h)/((-1)/5). Suppose o*b + 48 = 5*b. Calculate the highest common factor of 8 and b.
8
Let t(z) = -49*z + 4. Let q(l) = -49*l + 3. Let w(h) = 5*q(h) - 4*t(h). Let d be w(-1). Calculate the highest common factor of 12 and d.
12
Let c be (-18)/(-8) - 1/4. Suppose -p + c = -0. Let l be (0 - -26)/p + -2. Calculate the highest common divisor of 44 and l.
11
Let d = -15 + 4. Let n = d + 29. Let y be (36/8)/((-1)/(-36)). Calculate the greatest common divisor of n and y.
18
Let a = -24 + 66. What is the highest common factor of 63 and a?
21
Let k = 8 + -12. Let n be (k/1)/((-10)/30). What is the highest common factor of n and 30?
6
Let j(i) = i**2 + 2*i - 68. Let o be j(-16). What is the greatest common divisor of 24 and o?
12
Let r be (3 - 54/10)*780/(-18). Calculate the highest common divisor of 8 and r.
8
Suppose 3*s = -4*c + 51, -s = -3*c - 8 + 4. What is the highest common divisor of s and 104?
13
Let h(d) = 8*d + 4. Let v be h(7). Calculate the greatest common factor of v and 15.
15
Let r be 2/6 - (-60)/36. Suppose -r*n + 23 + 1 = 0. Calculate the greatest common divisor of 8 and n.
4
Suppose -z + 3*z = -5*q + 70, 2*q + z = 28. What is the highest common factor of q and 21?
7
Let l = -39 - -53. What is the highest common divisor of l and 2?
2
Suppose 2*u - 75 = -3*u. Let b be (-543)/(-12) + 2/(-8). What is the greatest common factor of u and b?
15
Let l be (-1 - (-5)/(-3))/((-36)/810). Calculate the greatest common factor of l and 540.
60
Let q(f) = 5*f**2 - f. Let m be q(-2). Let t = -37 + 72. Suppose 3*g - t = 130. What is the highest common factor of m and g?
11
Suppose o - 5*a + 0 = -1, a = -2*o + 20. Calculate the greatest common factor of 1 and o.
1
Suppose 0 = j + 12 - 29. Let x = 37 - j. Let b be 22/3 - 2/(-3). Calculate the greatest common divisor of b and x.
4
Suppose -153 = -2*p - 73. Calculate the highest common divisor of p and 24.
8
Let h = -60 - -70. What is the greatest common divisor of h and 90?
10
Let c(w) = -3*w - 1. Let z be c(-1). Let b be z*7 - 10/(-5). Let x = b + 1. Calculate the greatest common divisor of x and 68.
17
Let r(n) be the second derivative of -n**5/20 + 2*n**4/3 - n**2/2 - n. Let k be r(7). Calculate the highest common divisor of 16 and k.
16
Let x be (-2)/27*3 + (-3036)/(-297). What is the greatest common divisor of 170 and x?
10
Let w be (-1443)/(-21) - 4/(-14). Suppose -3*v = -w + 15. Suppose -15 = -3*g, 6*g - 2*g - 29 = -j. Calculate the highest common factor of v and j.
9
Suppose 4*m = 103 + 9. Suppose -5*d + 0*d - 10 = 0, 4*d + 22 = 2*q. What is the highest common divisor of m and q?
7
Let p be (-56)/(-6)*6/2. Let j = -6 - -10. Calculate the highest common factor of p and j.
4
Let i be (-386)/(-4) + (-13)/26. Calculate the greatest common factor of i and 16.
16
Let l be (-25)/((-15)/(-2) + -10). Suppose i = 3 - 0. Suppose 5*q + 14 = 4*m + 7*q, m - i*q = 7. What is the highest common divisor of l and m?
2
Let b(z) = 3*z - 4. Let v be b(6). Calculate the greatest common divisor of 35 and v.
7
Let i = -5 + 9. Let w be i + -6 - (-16 - 1). Let a = -21 + 36. Calculate the greatest common factor of w and a.
15
Let t(h) = 2*h**2 + 20*h + 22. Let z be t(-9). What is the greatest common factor of 4 and z?
4
Suppose -2*s + 20 = -3*o, -4*s + 2*o = 4*o - 8. Suppose 2*u - u - s*f + 2 = 0, -61 = -2*u - 5*f. What is the greatest common divisor of u and 2?
2
Let v(i) = 21*i**2 + i. Let n be v(-1). Let g(o) = o**2 - o + 4. Let b be g(0). What is the highest common factor of n and b?
4
Suppose -20 = -d - 4*d. Suppose -112 = -0*n - d*n. Let y = -135 + 205. What is the highest common divisor of n and y?
14
Let j be -5